False
Is 21 a factor of 4141773?
False
Is 130057186 a multiple of 875?
False
Is 39851200 a multiple of 16?
True
Does 233 divide 673945201?
False
Is 12 a factor of 109326598?
False
Is 110 a factor of 37650360?
True
Is 131164761 a multiple of 707?
True
Does 57 divide 84978165?
True
Is 72978830 a multiple of 1751?
False
Is 7 a factor of 44426284?
True
Is 16 a factor of 843159?
False
Is 3311 a factor of 68204713?
False
Is 38954734 a multiple of 2702?
True
Is 9 a factor of 615438765?
True
Does 1135 divide 58503575?
True
Is 14 a factor of 414077822?
False
Is 471 a factor of 4005855?
True
Is 157 a factor of 567949291?
False
Is 1884 a factor of 249509424?
True
Does 42 divide 281599206?
True
Is 706873 a multiple of 43?
False
Does 241 divide 107388471?
False
Is 730 a factor of 211971498?
False
Is 224962038 a multiple of 14?
True
Is 53626717 a multiple of 282?
False
Is 9338714 even?
True
Is 10 a factor of 49339720?
True
Does 161 divide 142503032?
True
Is 353 a factor of 101399603?
True
Is 9 a factor of 408955297?
False
Is 594122714 a multiple of 195?
False
Is 39747382 a multiple of 588?
False
Is 6322552 a multiple of 5?
False
Is 5 a factor of 1887167440?
True
Does 610 divide 984985300?
True
Is 34088222 a multiple of 53?
True
Is 142685692 a multiple of 538?
False
Is 35554548 a multiple of 2562?
False
Does 218 divide 563751706?
True
Is 80 a factor of 47579040?
True
Is 999394636 a multiple of 58?
True
Is 24 a factor of 428513135?
False
Is 342986499 a multiple of 15?
False
Is 17 a factor of 2820753254?
True
Is 7 a factor of 186525716?
False
Does 18 divide 13624146?
True
Is 265 a factor of 3514807095?
True
Is 1405 a factor of 83504770?
True
Does 3 divide 11503653?
True
Is 10 a factor of 66441937?
False
Is 760 a factor of 151315025?
False
Is 101 a factor of 718900628?
True
Is 13 a factor of 1130936963?
True
Is 223 a factor of 14591294?
False
Is 2075 a factor of 90702400?
True
Does 193 divide 378687616?
True
Is 11 a factor of 574250050?
True
Does 8 divide 72693127?
False
Is 32900445 a multiple of 135?
True
Is 88138395 a multiple of 45?
True
Is 25 a factor of 203921075?
True
Is 13318057 a multiple of 32?
False
Is 280533636 a multiple of 457?
False
Is 252671 even?
False
Is 11774274 a multiple of 204?
False
Is 112 a factor of 21441952?
True
Is 488297283 a multiple of 135?
False
Does 450 divide 103643656?
False
Is 7 a factor of 61473234?
False
Is 126 a factor of 303176664?
True
Is 1137 a factor of 858555522?
True
Does 304 divide 5188256940?
False
Is 173 a factor of 203886800?
False
Is 43 a factor of 2183933071?
False
Is 68219872 a multiple of 14?
True
Is 12926598 a multiple of 1993?
True
Does 75 divide 391073175?
True
Is 11 a factor of 32864359?
True
Does 1262 divide 1579226416?
True
Is 2417644488 a multiple of 8?
True
Does 198 divide 1606178454?
False
Is 1746 a factor of 75530214?
True
Is 22419671 a multiple of 5?
False
Does 8 divide 18167466?
False
Does 49 divide 46274395?
False
Does 6 divide 1017694674?
True
Is 1438 a factor of 54882708?
True
Is 5430480 a multiple of 10?
True
Does 14 divide 114583254?
False
Is 367 a factor of 173650007?
False
Is 402 a factor of 4201302?
True
Does 16 divide 5313596598?
False
Does 301 divide 14468470?
False
Does 536 divide 113469592?
True
Does 149 divide 5755125?
True
Is 14 a factor of 125433555?
False
Is 856 a factor of 1567255352?
False
Is 18235302 a multiple of 235?
False
Is 1123956597 a multiple of 18?
False
Is 568200259 a multiple of 3518?
False
Is 47 a factor of 16114738?
False
Is 59644031 a multiple of 4?
False
Is 24 a factor of 3130128?
True
Is 1747 a factor of 54275796?
True
Does 1709 divide 2872917868?
True
Is 988 a factor of 271459258?
False
Is 1146715251 a multiple of 3443?
True
Is 3227 a factor of 776492667?
False
Does 265 divide 90894205?
True
Is 19 a factor of 60042884?
False
Is 945386196 a multiple of 2748?
True
Does 6 divide 29564136?
True
Is 17797246 a multiple of 797?
False
Is 570 a factor of 1026963495?
False
Is 2826 a factor of 30687534?
True
Does 15 divide 347502065?
False
Is 18431415 a multiple of 9?
True
Is 22 a factor of 2191193840?
True
Is 217536088 a multiple of 3773?
True
Does 8 divide 73005005?
False
Is 21 a factor of 2300095434?
True
Is 13656782 a multiple of 211?
False
Is 18 a factor of 691896528?
True
Does 27 divide 468208944?
True
Does 135 divide 16528637?
False
Is 5 a factor of 186096263?
False
Is 47317500 a multiple of 26?
False
Does 25 divide 3210885?
False
Does 23 divide 644691192?
False
Is 626 a factor of 167830600?
True
Is 18 a factor of 979569414?
True
Is 441440779 a multiple of 13?
True
Is 125781580 a multiple of 13?
False
Is 25 a factor of 183878275?
True
Does 55 divide 22949015?
False
Does 85 divide 132934390?
True
Is 432475632 a multiple of 235?
False
Is 80 a factor of 13883079?
False
Is 5578270 even?
True
Is 40689099 a multiple of 8?
False
Is 272 a factor of 328077968?
True
Does 1866 divide 131739600?
True
Is 95005408 a multiple of 16?
True
Is 57 a factor of 277347807?
True
Is 1256 a factor of 77998856?
True
Does 96 divide 66880512?
True
Does 10 divide 10619290?
True
Is 54 a factor of 147648607?
False
Does 120 divide 387120?
True
Does 7 divide 53208982?
False
Is 90 a factor of 35729669?
False
Does 11 divide 3355000?
True
Is 52 a factor of 8255739?
False
Is 445112 a multiple of 18?
False
Does 75 divide 382104450?
True
Is 47638127 a multiple of 152?
False
Does 257 divide 128202394?
True
Does 73 divide 516440617?
True
Is 68501865 a multiple of 9?
False
Is 75775683 a multiple of 1519?
False
Is 2988632 a multiple of 668?
True
Is 4 a factor of 584768?
True
Is 92322824 a multiple of 8?
True
Is 140674508 a multiple of 1378?
True
Does 59 divide 1745149?
False
Does 59 divide 4382874?
True
Is 806 a factor of 5346401112?
True
Is 6391735 a multiple of 137?
True
Is 18 a factor of 8784546?
False
Does 3147 divide 2801837040?
True
Does 871 divide 1879505641?
True
Is 293090453 a multiple of 63?
False
Is 13739367 a multiple of 12?
False
Is 31015131 a multiple of 21?
True
Is 420417246 a multiple of 84?
False
Is 32801866 a multiple of 446?
False
Does 102 divide 862937640?
False
Is 11287 a factor of 3966771002?
True
Is 12322433 a multiple of 177?
False
Is 80355484 a multiple of 22?
True
Is 2376743 even?
False
Is 91099624 a multiple of 4610?
False
Does 467 divide 452523?
True
Is 27 a factor of 17464726?
False
Is 72854963 a multiple of 2900?
False
Is 157352249 a multiple of 9?
False
Does 1422 divide 706372812?
True
Does 161 divide 5290065869?
False
Does 142 divide 212231922?
True
Does 508 divide 28587658?
False
Is 107691337 a multiple of 15?
False
Is 116674019 a multiple of 2663?
True
Does 112 divide 62276666?
False
Is 1743408 a multiple of 6?
True
Is 522 a factor of 8939987?
False
Is 62881719 a multiple of 9?
False
Does 4463 divide 158092849?
True
Is 11843948 a multiple of 4?
True
Is 817345618 a multiple of 46?
True
Is 32 a factor of 511009041?
False
Is 19 a factor of 11170119?
True
Is 2290519 a multiple of 11?
True
Is 424534254 a multiple of 196?
False
Is 8 a factor of 1949756256?
True
Is 130 a factor of 1494153212?
False
Is 193452593 a multiple of 10?
False
Does 87 divide 445489962?
False
Is 16 a factor of 149121257?
False
Is 241168668 a multiple of 39?
True
Is 552282900 a multiple of 47?
True
Is 313685528 even?
True
Does 160 divide 6113600?
True
Is 1245292674 a multiple of 366?
True
Is 288 a factor of 2555443296?
True
Is 28 a factor of 13857197?
False
Is 230738394 a multiple of 15?
False
Does 88 divide 26604952?
True
Is 2453 a factor of 7106562?
False
Does 5 divide 265649302?
False
Does 14 divide 458577042?
True
Does 22 divide 29404913?
False
Is 32979235 a multiple of 1515?
False
Is 255 a factor of 4957356?
False
Does 14 divide 23281048?
True
Does 61 divide 5676599?
True
Does 8 divide 6757355312?
True
Is 141 a factor of 7148372?
False
Is 140995151 a multiple of 473?
True
Does 169 divide 1035801?
True
Is 407 a factor of 28659312?
True
Is 402976755 a multiple of 765?
True
Is 10174080 a multiple of 192?
True
Does 737 divide 140470726?
True
Is 27 a factor of 203599656?
True
Is 113930333 a multiple of 27?
False
Does 534 divide 29046930?
True
Is 15637416 a multiple of 102?
True
Is 23066050 a multiple of 826?
True
Is 62 a factor of 1474341834?
True
Is 95430083 a multiple of 983?
False
Is 118414728 a multiple